{"id":55,"date":"2021-04-28T15:49:37","date_gmt":"2021-04-28T15:49:37","guid":{"rendered":"https:\/\/shop.photoretroviseur.com\/?post_type=product&#038;p=55"},"modified":"2021-12-02T14:44:50","modified_gmt":"2021-12-02T14:44:50","slug":"moulin","status":"publish","type":"product","link":"https:\/\/shop.photoretroviseur.com\/?product=moulin","title":{"rendered":"Moulin"},"content":{"rendered":"<p><span style=\"color: #000000;\">Cette photo a \u00e9t\u00e9 prise lors de mon s\u00e9jour en Sicile en Ao\u00fbt 2020. L&rsquo;id\u00e9e \u00e9tait de r\u00e9unir ce magnifique moulin \u00e0 vent et le marais salant au sein de la m\u00eame photo. Gr\u00e2ce au r\u00e9tro, il appara\u00eet comme pos\u00e9 de l&rsquo;autre c\u00f4t\u00e9 du marais, ce qui rend ce clich\u00e9 unique et original.<\/span><\/p>\n","protected":false},"excerpt":{"rendered":"<p>Edition limit\u00e9e \u00e0 30 exemplaires, num\u00e9rot\u00e9e, dat\u00e9e et sign\u00e9e par mes soins<\/p>\n","protected":false},"featured_media":59,"comment_status":"open","ping_status":"closed","template":"","meta":{"spay_email":""},"product_cat":[25],"product_tag":[],"_links":{"self":[{"href":"https:\/\/shop.photoretroviseur.com\/index.php?rest_route=\/wp\/v2\/product\/55"}],"collection":[{"href":"https:\/\/shop.photoretroviseur.com\/index.php?rest_route=\/wp\/v2\/product"}],"about":[{"href":"https:\/\/shop.photoretroviseur.com\/index.php?rest_route=\/wp\/v2\/types\/product"}],"replies":[{"embeddable":true,"href":"https:\/\/shop.photoretroviseur.com\/index.php?rest_route=%2Fwp%2Fv2%2Fcomments&post=55"}],"wp:featuredmedia":[{"embeddable":true,"href":"https:\/\/shop.photoretroviseur.com\/index.php?rest_route=\/wp\/v2\/media\/59"}],"wp:attachment":[{"href":"https:\/\/shop.photoretroviseur.com\/index.php?rest_route=%2Fwp%2Fv2%2Fmedia&parent=55"}],"wp:term":[{"taxonomy":"product_cat","embeddable":true,"href":"https:\/\/shop.photoretroviseur.com\/index.php?rest_route=%2Fwp%2Fv2%2Fproduct_cat&post=55"},{"taxonomy":"product_tag","embeddable":true,"href":"https:\/\/shop.photoretroviseur.com\/index.php?rest_route=%2Fwp%2Fv2%2Fproduct_tag&post=55"}],"curies":[{"name":"wp","href":"https:\/\/api.w.org\/{rel}","templated":true}]}}