{"id":508,"date":"2022-02-13T21:56:34","date_gmt":"2022-02-13T21:56:34","guid":{"rendered":"https:\/\/shop.photoretroviseur.com\/?post_type=product&#038;p=508"},"modified":"2022-02-13T22:09:49","modified_gmt":"2022-02-13T22:09:49","slug":"sunset-tower","status":"publish","type":"product","link":"https:\/\/shop.photoretroviseur.com\/?product=sunset-tower","title":{"rendered":"Sunset Tower"},"content":{"rendered":"<p>Cette photo a \u00e9t\u00e9 prise \u00e0 Paris en fin de journ\u00e9e dans le jardin du Trocad\u00e9ro. Le r\u00e9troviseur permet une mise en avant magnifique de la totalit\u00e9 de la Dame de Fer lors d&rsquo;un coucher de soleil hivernal, ce qui rend ce clich\u00e9 unique et original.<\/p>\n","protected":false},"excerpt":{"rendered":"<p>Vintage Edition<\/p>\n","protected":false},"featured_media":513,"comment_status":"open","ping_status":"closed","template":"","meta":{"spay_email":""},"product_cat":[37],"product_tag":[],"_links":{"self":[{"href":"https:\/\/shop.photoretroviseur.com\/index.php?rest_route=\/wp\/v2\/product\/508"}],"collection":[{"href":"https:\/\/shop.photoretroviseur.com\/index.php?rest_route=\/wp\/v2\/product"}],"about":[{"href":"https:\/\/shop.photoretroviseur.com\/index.php?rest_route=\/wp\/v2\/types\/product"}],"replies":[{"embeddable":true,"href":"https:\/\/shop.photoretroviseur.com\/index.php?rest_route=%2Fwp%2Fv2%2Fcomments&post=508"}],"wp:featuredmedia":[{"embeddable":true,"href":"https:\/\/shop.photoretroviseur.com\/index.php?rest_route=\/wp\/v2\/media\/513"}],"wp:attachment":[{"href":"https:\/\/shop.photoretroviseur.com\/index.php?rest_route=%2Fwp%2Fv2%2Fmedia&parent=508"}],"wp:term":[{"taxonomy":"product_cat","embeddable":true,"href":"https:\/\/shop.photoretroviseur.com\/index.php?rest_route=%2Fwp%2Fv2%2Fproduct_cat&post=508"},{"taxonomy":"product_tag","embeddable":true,"href":"https:\/\/shop.photoretroviseur.com\/index.php?rest_route=%2Fwp%2Fv2%2Fproduct_tag&post=508"}],"curies":[{"name":"wp","href":"https:\/\/api.w.org\/{rel}","templated":true}]}}