{"id":408,"date":"2021-12-10T21:50:39","date_gmt":"2021-12-10T21:50:39","guid":{"rendered":"https:\/\/shop.photoretroviseur.com\/?post_type=product&#038;p=408"},"modified":"2021-12-18T23:05:58","modified_gmt":"2021-12-18T23:05:58","slug":"flika","status":"publish","type":"product","link":"https:\/\/shop.photoretroviseur.com\/?product=flika","title":{"rendered":"Flika"},"content":{"rendered":"<p>Cette photo a \u00e9t\u00e9 prise \u00e0 Flika, un petit village de p\u00e9cheur sur l&rsquo;ile de Milos dans l&rsquo;archipel des Cyclades en Gr\u00e8ce. Il a la particularit\u00e9 d&rsquo;avoir une s\u00e9rie de maisons color\u00e9es align\u00e9es en bord de mer avec une vue imprenable sur le coucher de soleil. Le r\u00e9troviseur permet de les mettre en \u00e9vidence et rend ce clich\u00e9 unique et original.<\/p>\n","protected":false},"excerpt":{"rendered":"<p>Open Edition<\/p>\n","protected":false},"featured_media":412,"comment_status":"open","ping_status":"closed","template":"","meta":{"spay_email":""},"product_cat":[26],"product_tag":[],"_links":{"self":[{"href":"https:\/\/shop.photoretroviseur.com\/index.php?rest_route=\/wp\/v2\/product\/408"}],"collection":[{"href":"https:\/\/shop.photoretroviseur.com\/index.php?rest_route=\/wp\/v2\/product"}],"about":[{"href":"https:\/\/shop.photoretroviseur.com\/index.php?rest_route=\/wp\/v2\/types\/product"}],"replies":[{"embeddable":true,"href":"https:\/\/shop.photoretroviseur.com\/index.php?rest_route=%2Fwp%2Fv2%2Fcomments&post=408"}],"wp:featuredmedia":[{"embeddable":true,"href":"https:\/\/shop.photoretroviseur.com\/index.php?rest_route=\/wp\/v2\/media\/412"}],"wp:attachment":[{"href":"https:\/\/shop.photoretroviseur.com\/index.php?rest_route=%2Fwp%2Fv2%2Fmedia&parent=408"}],"wp:term":[{"taxonomy":"product_cat","embeddable":true,"href":"https:\/\/shop.photoretroviseur.com\/index.php?rest_route=%2Fwp%2Fv2%2Fproduct_cat&post=408"},{"taxonomy":"product_tag","embeddable":true,"href":"https:\/\/shop.photoretroviseur.com\/index.php?rest_route=%2Fwp%2Fv2%2Fproduct_tag&post=408"}],"curies":[{"name":"wp","href":"https:\/\/api.w.org\/{rel}","templated":true}]}}