{"id":280,"date":"2021-10-30T13:20:10","date_gmt":"2021-10-30T13:20:10","guid":{"rendered":"https:\/\/shop.photoretroviseur.com\/?post_type=product&#038;p=280"},"modified":"2021-12-05T21:05:47","modified_gmt":"2021-12-05T21:05:47","slug":"chateau-de-vincennes-oe","status":"publish","type":"product","link":"https:\/\/shop.photoretroviseur.com\/?product=chateau-de-vincennes-oe","title":{"rendered":"Vincennes"},"content":{"rendered":"<p>Cette photo a \u00e9t\u00e9 prise \u00e0 Vincennes une journ\u00e9e d&rsquo;hiver. En se projetant dans le r\u00e9troviseur, on a l\u2019impression de passer \u00e0 travers et d\u2019avoir le ch\u00e2teau dress\u00e9 devant nous alors qu\u2019il se trouve en r\u00e9alit\u00e9 derri\u00e8re. C&rsquo;est ce qui rend ce clich\u00e9 unique et original.<\/p>\n","protected":false},"excerpt":{"rendered":"<p>Open Edition<\/p>\n","protected":false},"featured_media":284,"comment_status":"open","ping_status":"closed","template":"","meta":{"spay_email":""},"product_cat":[26],"product_tag":[],"_links":{"self":[{"href":"https:\/\/shop.photoretroviseur.com\/index.php?rest_route=\/wp\/v2\/product\/280"}],"collection":[{"href":"https:\/\/shop.photoretroviseur.com\/index.php?rest_route=\/wp\/v2\/product"}],"about":[{"href":"https:\/\/shop.photoretroviseur.com\/index.php?rest_route=\/wp\/v2\/types\/product"}],"replies":[{"embeddable":true,"href":"https:\/\/shop.photoretroviseur.com\/index.php?rest_route=%2Fwp%2Fv2%2Fcomments&post=280"}],"wp:featuredmedia":[{"embeddable":true,"href":"https:\/\/shop.photoretroviseur.com\/index.php?rest_route=\/wp\/v2\/media\/284"}],"wp:attachment":[{"href":"https:\/\/shop.photoretroviseur.com\/index.php?rest_route=%2Fwp%2Fv2%2Fmedia&parent=280"}],"wp:term":[{"taxonomy":"product_cat","embeddable":true,"href":"https:\/\/shop.photoretroviseur.com\/index.php?rest_route=%2Fwp%2Fv2%2Fproduct_cat&post=280"},{"taxonomy":"product_tag","embeddable":true,"href":"https:\/\/shop.photoretroviseur.com\/index.php?rest_route=%2Fwp%2Fv2%2Fproduct_tag&post=280"}],"curies":[{"name":"wp","href":"https:\/\/api.w.org\/{rel}","templated":true}]}}