{"id":272,"date":"2021-10-28T16:48:10","date_gmt":"2021-10-28T16:48:10","guid":{"rendered":"https:\/\/shop.photoretroviseur.com\/?post_type=product&#038;p=272"},"modified":"2021-12-02T14:44:21","modified_gmt":"2021-12-02T14:44:21","slug":"happy-man","status":"publish","type":"product","link":"https:\/\/shop.photoretroviseur.com\/?product=happy-man","title":{"rendered":"Happy Man"},"content":{"rendered":"<p>Cette photo a \u00e9t\u00e9 prise rue Buot dans le quartier de la Butte aux Cailles dans le 13\u00e8me arrondissement de Paris. Le r\u00e9troviseur permet de positionner deux tags c\u00f4te \u00e0 c\u00f4te alors qu&rsquo;un des deux se situe sur le mur derri\u00e8re. Le r\u00e9troviseur en couleurs permet de cr\u00e9er un contraste suppl\u00e9mentaire et rend ce clich\u00e9 unique et original.<\/p>\n","protected":false},"excerpt":{"rendered":"<p>Edition limit\u00e9e \u00e0 30 exemplaires, num\u00e9rot\u00e9e, dat\u00e9e et sign\u00e9e par mes soins<\/p>\n","protected":false},"featured_media":279,"comment_status":"open","ping_status":"closed","template":"","meta":{"spay_email":""},"product_cat":[25],"product_tag":[],"_links":{"self":[{"href":"https:\/\/shop.photoretroviseur.com\/index.php?rest_route=\/wp\/v2\/product\/272"}],"collection":[{"href":"https:\/\/shop.photoretroviseur.com\/index.php?rest_route=\/wp\/v2\/product"}],"about":[{"href":"https:\/\/shop.photoretroviseur.com\/index.php?rest_route=\/wp\/v2\/types\/product"}],"replies":[{"embeddable":true,"href":"https:\/\/shop.photoretroviseur.com\/index.php?rest_route=%2Fwp%2Fv2%2Fcomments&post=272"}],"wp:featuredmedia":[{"embeddable":true,"href":"https:\/\/shop.photoretroviseur.com\/index.php?rest_route=\/wp\/v2\/media\/279"}],"wp:attachment":[{"href":"https:\/\/shop.photoretroviseur.com\/index.php?rest_route=%2Fwp%2Fv2%2Fmedia&parent=272"}],"wp:term":[{"taxonomy":"product_cat","embeddable":true,"href":"https:\/\/shop.photoretroviseur.com\/index.php?rest_route=%2Fwp%2Fv2%2Fproduct_cat&post=272"},{"taxonomy":"product_tag","embeddable":true,"href":"https:\/\/shop.photoretroviseur.com\/index.php?rest_route=%2Fwp%2Fv2%2Fproduct_tag&post=272"}],"curies":[{"name":"wp","href":"https:\/\/api.w.org\/{rel}","templated":true}]}}